
-3
What is 8 + -16 - (29 + -53)?
16
What is 2 + -50 - (-27 + -41 + 52)?
-32
Calculate (-3 - (4 - (24 - 10))) + 17.
24
What is the value of -13 + -1 + 0 + 16 + (0 - 6)?
-4
What is 10 - (11 + -1 + -15 + -10 + 19)?
6
What is the value of 2 - (22 - 5 - 16)?
1
Calculate (22 - (-5 + 25)) + 25.
27
Calculate 0 - -9 - (-5 - 2 - (-3 + -2)).
11
What is 5 + -27 - (4 + -11)?
-15
Calculate -319 + 310 - (0 + -15).
6
What is 0 - (-2 + 0) - (-24 - (-6 + -11))?
9
Evaluate (2 - 21 - (-30 - -20)) + -7.
-16
Calculate -25 + 5 + (-10 - -18) - -7 - -8.
3
Calculate (2 - 0) + 28 + -28 + -17.
-15
-5 + -2 - (-696 + 711)
-22
Evaluate (10 - (-4 - -33)) + 5 + 4.
-10
Calculate -1 + -5 - -4 - (-29 + -4 + 9).
22
Evaluate -30 + 17 - 16 - -39.
10
Calculate (9 - 22) + 12 - (1 + 0).
-2
What is -9 + 0 + -7 + (17 - 4 - 6)?
-9
Evaluate (46 - (34 - 9)) + -31.
-10
What is -4 + -9 - (37 + -44)?
-6
What is the value of 3 - -9 - -3 - (14 - 4) - 9?
-4
Calculate 9 + -1 + (-16 - -9) - 5.
-4
-17 + (3 - -8 - 2) + -1
-9
6 - (-1 - (1 - 1) - -3 - -1)
3
Calculate (-3 - 10) + 16 + -15.
-12
Evaluate (11 - 2) + -11 + 10 + -1 + -3.
4
What is the value of 7 - (9 + -17 + 48) - -7?
-26
Evaluate -26 + 9 + 8 + -4 + -1 + 0.
-14
What is -3 - ((-2 - 5) + -1 + 13)?
-8
What is the value of -27 + (-9 - -45 - 18)?
-9
What is the value of -27 - (-44 - -4) - 1?
12
What is 3 + -40 + -1 + -19 + 44 + -25?
-38
What is the value of 1 + 1 + 208 + -207?
3
-64 - -50 - (-2 - (-3 - -19))
4
What is the value of 25 - (-6 - -61 - 40)?
10
What is -7 + 29 + -4 - 5?
13
What is the value of 1 + -3 + (-5 - -2) + 265 + -251?
9
Calculate (11 - (5 + -28)) + -19 + -24.
-9
Calculate 10 + (-16 - (8 + -11 - (16 - 10))).
3
What is the value of 22 - -1 - ((14 - -7) + -34 + 20)?
16
What is -9 + 2 + (28 - 19) - 14?
-12
Evaluate -7 + 21 + -7 - 8 - (-24 + 3).
20
-14 - (-4 + -1 - 0) - (14 - 15)
-8
11 + -1 - (14 + 0 + -6)
2
Calculate (14 - 18) + (-2 - 0) - (-15 + 5).
4
Evaluate (0 - 0 - (0 - (2 + -1))) + 5.
6
-11 + 19 - -21 - 7
22
What is -1 + -9 - (-10 + (3 - -12) + -13)?
-2
What is the value of -4 + (6 - 13) - 1?
-12
What is -15 + (-6 - -3 - (-18 + 13))?
-13
What is the value of 5 + -28 + (-2 - (15 - 11)) + 1?
-28
What is the value of (-18 - -10) + (-2 + 1 - -2 - 5)?
-12
(-7 - 0) + -4 + 1 + (18 - -2)
10
What is the value of 4 - (3 + -16 + 17 + -7)?
7
What is -22 - (6 + 6 - 8 - 3 - 1)?
-22
Calculate -17 - -11 - -16 - 25.
-15
What is the value of -12 - (-15 + 2) - (6 + -16)?
11
-3 + ((3 - 14) + 9 - 4) + 1
-8
8 + 1 + -1 + -4 + 7
11
Evaluate 12 + -16 + -6 - 8.
-18
Evaluate -54 - (-27 + 41 + -38).
-30
What is the value of -3 - (-12 - -13) - -7?
3
What is -2 - -17 - (8 - (36 + -32))?
11
Calculate 57 + -38 + (-2 - 2).
15
What is the value of 8 + (-8 + 5 - (-35 - -23))?
17
What is (0 - 2) + -4 + (19 - 1) + -3?
9
What is (3 + -21 + 13 - -25) + (0 - 5)?
15
Evaluate (-1 - 1 - (-43 + 32)) + 1.
10
(0 + 10 - 0) + 25 + -17 + -7
11
Calculate (2 - 12 - (-28 + 17 - -1)) + -26.
-26
-5 + (1 - 5) + (-39 - -50)
2
What is the value of (-39 - 13) + 36 + (41 - -2)?
27
Calculate -11 + (6 - (12 + -7) - (0 + -1)).
-9
Calculate (66 - (-91 + 175)) + (-8 - 1).
-27
Evaluate (-27 - -33) + (-10 - 1) + -9 + 1.
-13
Evaluate 4 + -8 - ((2 - 0) + -20 - -4).
10
What is (-8 - -11) + (-17 - (4 - (2 - 1)))?
-17
What is -6 - ((1 - -8) + -4 + (-29 - 0))?
18
What is -2 - -2 - (-6 + 1 + -2 + 16)?
-9
Calculate -16 + 23 - -4 - (1 - -2).
8
What is the value of -18 + 18 + 26 - 32?
-6
What is 21 + (-47 - -21) - (0 - (-5 + 2))?
-8
What is the value of (12 - -5) + -16 - -8?
9
Evaluate (-5 - (34 + -30)) + (-2 - (0 - 5)).
-6
-11 + (17 - 0) + -5 + -1
0
(1 - -2 - 2) + -1 + 28 + -12
16
Evaluate (-505 - -488) + -1 + 19.
1
What is the value of 7 - (-1 + -14 + 22 + (-11 - 2))?
13
Calculate (-10 + 2 + 26 + -26 - -5) + 7.
4
What is 19 - (-13 + 6 + 0 + 13 + -3)?
16
What is the value of (-39 - -43) + 15 + (-1 - (4 - 0))?
14
-231 + 234 - (3 + 0 - (30 - 2))
28
Evaluate (2 - (1 + 12)) + (-28 - (-40 - -18)).
-17
Calculate -14 - (2 - 8 - 34).
26
What is 2 - 11 - (-52 - (-25 - 15))?
3
Calculate (31 - -12) + -8 + -20.
15
2 - (2 + -4 + -25 + (15 - -3))
11
7 + -3 + (-1 - -8) + -7
4
Calculate -1 + (28 - 1) + 566 + -578.
14
What is the value of (273 + -272 - (-2 - 8)) + 1 + -39?
-27
What is the value of (0 - 0) + (58 - (-21 + 93))?
-14
Evaluate (-3 - 5) + (0 - 1 - -16 - -6).
13
What is -1 + 5 + -1 + 26 + -36?
-7
Calculate (46 - 59 - (-2 - 3)) + (-1 - 8).
-17
What is -7 - (-23 + 27) - -27?
16
Evaluate (8 - -1) + 5 - (16 - -15).
-17
What is (35 - 27) + (2 + -3 - 21)?
-14
12 + 6 - (-20 - -29)
9
46 + 1 + 662 + -671
38
What is the value of 64 + -24 - 33 - (-2 + -7 + -2)?
18
Calculate 0 - 2 - (11 + -12 - 16 - 5).
20
Evaluate (31 - 43) + (17 - 8).
-3
What is -2 + -6 - (5 - (-21 + 42))?
8
Evaluate -5 - (17 + -13 - (3 - 0)) - -28.
22
Evaluate 1 + 33 + 617 + -617.
34
What is -291 + 289 - ((0 - -2) + -9)?
5
-29 - -11 - (8 - (-3 - -8))
-21
-33 - (-52 + (15 - -2))
2
What is -1 + -7 + (-7 - -6 - (0 + 2))?
-11
Calculate -11 + -12 + -6 + -1 + 12.
-18
Evaluate (23 - -1) + (-100 - -86).
10
What is the value of (-2 + 5 - (40 - 22)) + -13?
-28
-21 + 1 + -74 + (7 - -66)
-21
What is 0 + 7 + -19 + 17 - (3 - -3)?
-1
-26 + 17 + 3 + 15
9
What is the value of -21 - ((-13 - (0 + -1)) + 5)?
-14
What is -212 - -227 - (0 - -16)?
-1
What is the value of -14 + 12 + 12 - (0 + 7)?
3
Calculate (10 - 1) + (1 - 6) + (47 - 48).
3
Evaluate -9 + (-10 - -14) - 0.
-5
Calculate 5 + (-1 - 11) - -23.
16
What is 6 + -5 - (4 + (-12 - 1) + 6)?
4
Evaluate 8 - (2 - (-16 + 8)) - -8.
6
What is the value of 7 - (-14 + -2 + 31)?
-8
Calculate 14 + (-15 - -6 - (-2 + -5)) - 8.
4
-40 + -1 - (-3 - 14)
-24
What is 10 + -2 + 0 + 0 + -21?
-13
What is -8 + (-2 - (-11 - 4)) - 39?
-34
What is (2 + -16 - -1) + -2 + -8 + 17?
-6
Evaluate 16 - (-1 - (-8 - -4) - (-6 + 2)).
9
What is 8 + -19 + (-4 - -6)?
-9
What is the value of (4 - 3 - (-2 + -4 + 3)) + 5?
9
What is -17 - -6 - (-21 + 22)?
-12
Evaluate (-9 - -1 - -1) + (36 - (-24 - -25)).
28
What is the value of 53 + (-16 + 8 - 9) - 3?
33
Evaluate -15 - -4 - (3 + -3 - 10).
-1
Calculate (-2 - -32 - 1) + (-54 - (3 + -52)).
24
Calculate 2 - ((3 - 6 - -1) + 8).
-4
Evaluate (1 + -1 - (-36 - -40)) + 12 + -1.
7
Calculate -4 + (3 + 8 - (1 + -1)).
7
What is the value of 8 + (8 - (-9 - -25)) - 9 - -4?
-5
What is 1 + (-17 - -25) - (-1 - 4)?
14
42 + -26 - -9 - 11
14
-5 + (-6 - -5) + 12 + (8 - 2)
12
What is the value of -15 + (5 - 8 - (1 + (-7 - -2)))?
-14
What is 23 + -23 - (23 - 1)?
-22
(104 - 113) + 16 + 0
7
6 + 1 - (-9 - (9 - 7))
18
Calculate 20 + 0 - (-18 + (28 - 4)).
14
-20 + 6 + 14 + -6
-6
-5 + 2 - ((-10 - -9) + -2)
0
Calculate 4 + (7 - (18 + -6 - 8)).
7
What is (46 - 43 - (22 - 0)) + 5 + -2?
-16
Calculate 4 + 7 + -14 - 6.
-9
2 + 0 + 3 + -2 + (-150 - -143)
-4
Calculate -13 - (15 + -50 + 11).
11
What is (-14 - -33) + -17 + 12?
14
What is (1 - 6) + (-1 + (-7 - -1) - 0)?
-12
Calculate (-10 - -1) + 6 + 11 + 1.
9
1 + (18 - 10 - 2) + 0 + -12
-5
Evaluate 11 + 10 + (-3 - 5) + -5.
8
Calculate 0 + 0 - (-1 + -18 - (-163 - -163)).
19
What is the value of -6 - (-30 - (-4 - 11 - (-1 - 6)))?
16
What is the value of 4 - (-10 + 34 + -12 + (-5 - 1))?
-2
Calculate -431 - -447 - (2 - -23).
-9
(11 - -2) + (59 - 56)
16
Evaluate (-1 - 21) + -12 + 3 + -1 + 10.
-22
What is the value of (-4 - 20) + -90 + 114 + 0 + 30?
30
What is (-19 - (-2 + -11)) + -11?
-17
-95 - -80 - (-2 + -4 - -1)
-10
5 + -11 + (0 - -8) + 12
14
2 + -1 + (1 - (-25 - -30))
-3
Calculate -11 - (16 + -14 + 18 + -12).
-19
Evaluate 3 - 2 - (-2 + 7) - (-13 - 7).
16
-4 + -1 + -1 + -650 + 660
4
What is (3 - -3) + 186 + -184?
8
Evaluate 3 + -18 + -11 + 18.
-8
Evaluate 99 + -87 + (0 - 6) + 2.
8
Evaluate 33 + -22 + 4 + -2 + -8.
5
What is -4 + (-7 + -3 + 4 + 2 - -10)?
2
-5 + (-17 - -17 - (4 + (0 - 2)))
-7
What is the value of (23 - 14) + -15 + -7 + -2?
-15
Calculate 30 + -13 + 8 + -14.
11
What is the value of -6 + (31 - 17) - -7?
15
Evaluate 22 + -11 + 3 - 7.
7
What is the value of -22 + 20 - ((14 - -1) + 0 + -1)?
-16
Calculate 1 + -8 + (-2 + (-6 - -9) - -3).
-3
Evaluate 48 + (-1 - (42 - 24)).
29
-1 + (-1 - -3 - 12) + 2
-9
What is the value of (14 - (2 + (-5 - -5 - 4))) + -5?
11
Calculate -4 + -25 + 29 + -1 + 1 + 23.
23
Evaluate 1 + -7 + (-1 - 0) + 29 + -7.
15
Evaluate -24 - (17 - (-24 + 49)).
-16
Evaluate 1 + 